lculate the remainder when 693 is divided by 233.
227
Calculate the remainder when 83 is divided by 23.
14
What is the remainder when 329 is divided by 11?
10
What is the remainder when 778 is divided by 206?
160
What is the remainder when 189 is divided by 31?
3
Calculate the remainder when 232 is divided by 80.
72
What is the remainder when 334 is divided by 59?
39
Calculate the remainder when 18921 is divided by 114.
111
Calculate the remainder when 221 is divided by 14.
11
Calculate the remainder when 440 is divided by 26.
24
What is the remainder when 87 is divided by 26?
9
What is the remainder when 1573 is divided by 93?
85
What is the remainder when 1251 is divided by 311?
7
What is the remainder when 3770 is divided by 1256?
2
What is the remainder when 14513 is divided by 123?
122
What is the remainder when 5279 is divided by 10?
9
What is the remainder when 212 is divided by 21?
2
Calculate the remainder when 408 is divided by 81.
3
Calculate the remainder when 66 is divided by 38.
28
Calculate the remainder when 3371 is divided by 6.
5
What is the remainder when 17 is divided by 3?
2
What is the remainder when 330 is divided by 67?
62
Calculate the remainder when 245 is divided by 50.
45
Calculate the remainder when 2570 is divided by 161.
155
What is the remainder when 543 is divided by 61?
55
What is the remainder when 132 is divided by 17?
13
What is the remainder when 2944 is divided by 52?
32
What is the remainder when 1769 is divided by 17?
1
What is the remainder when 304 is divided by 86?
46
What is the remainder when 20 is divided by 9?
2
What is the remainder when 432 is divided by 102?
24
Calculate the remainder when 152 is divided by 27.
17
Calculate the remainder when 757 is divided by 95.
92
What is the remainder when 738 is divided by 182?
10
What is the remainder when 166 is divided by 17?
13
What is the remainder when 447 is divided by 433?
14
Calculate the remainder when 91 is divided by 21.
7
What is the remainder when 187 is divided by 21?
19
What is the remainder when 2126 is divided by 38?
36
What is the remainder when 224 is divided by 78?
68
What is the remainder when 374 is divided by 76?
70
Calculate the remainder when 301 is divided by 26.
15
Calculate the remainder when 287 is divided by 36.
35
What is the remainder when 7798 is divided by 15?
13
What is the remainder when 1433 is divided by 239?
238
What is the remainder when 7916 is divided by 37?
35
What is the remainder when 5225 is divided by 201?
200
What is the remainder when 109 is divided by 19?
14
Calculate the remainder when 94 is divided by 32.
30
Calculate the remainder when 468 is divided by 20.
8
Calculate the remainder when 469 is divided by 25.
19
Calculate the remainder when 686 is divided by 115.
111
What is the remainder when 97 is divided by 27?
16
Calculate the remainder when 162 is divided by 70.
22
What is the remainder when 113 is divided by 44?
25
Calculate the remainder when 1659 is divided by 17.
10
Calculate the remainder when 802 is divided by 35.
32
Calculate the remainder when 15742 is divided by 91.
90
What is the remainder when 37 is divided by 34?
3
What is the remainder when 245 is divided by 46?
15
Calculate the remainder when 6136 is divided by 2044.
4
Calculate the remainder when 1492 is divided by 17.
13
What is the remainder when 2532 is divided by 13?
10
What is the remainder when 637 is divided by 29?
28
What is the remainder when 541 is divided by 132?
13
What is the remainder when 971 is divided by 245?
236
Calculate the remainder when 312 is divided by 47.
30
What is the remainder when 576 is divided by 109?
31
Calculate the remainder when 293 is divided by 147.
146
Calculate the remainder when 1546 is divided by 129.
127
What is the remainder when 79 is divided by 35?
9
What is the remainder when 1371 is divided by 23?
14
What is the remainder when 30 is divided by 14?
2
Calculate the remainder when 784 is divided by 217.
133
What is the remainder when 106 is divided by 60?
46
Calculate the remainder when 19347 is divided by 215.
212
What is the remainder when 1466 is divided by 5?
1
What is the remainder when 37 is divided by 31?
6
Calculate the remainder when 101 is divided by 50.
1
Calculate the remainder when 719 is divided by 159.
83
What is the remainder when 78 is divided by 5?
3
Calculate the remainder when 446 is divided by 64.
62
Calculate the remainder when 3838 is divided by 183.
178
What is the remainder when 11762 is divided by 11?
3
Calculate the remainder when 474 is divided by 11.
1
What is the remainder when 12508 is divided by 6251?
6
Calculate the remainder when 1643 is divided by 331.
319
What is the remainder when 15 is divided by 11?
4
What is the remainder when 2448 is divided by 806?
30
Calculate the remainder when 316 is divided by 53.
51
What is the remainder when 374 is divided by 6?
2
Calculate the remainder when 867 is divided by 21.
6
What is the remainder when 89 is divided by 49?
40
Calculate the remainder when 134 is divided by 6.
2
What is the remainder when 95 is divided by 27?
14
Calculate the remainder when 895 is divided by 226.
217
What is the remainder when 2518 is divided by 70?
68
Calculate the remainder when 3327 is divided by 28.
23
Calculate the remainder when 167 is divided by 28.
27
What is the remainder when 229 is divided by 43?
14
Calculate the remainder when 398 is divided by 21.
20
What is the remainder when 819 is divided by 24?
3
Calculate the remainder when 2835 is divided by 66.
63
Calculate the remainder when 581 is divided by 11.
9
What is the remainder when 30 is divided by 9?
3
What is the remainder when 1192 is divided by 50?
42
Calculate the remainder when 964 is divided by 5.
4
Calculate the remainder when 30 is divided by 18.
12
What is the remainder when 146 is divided by 79?
67
What is the remainder when 911 is divided by 38?
37
Calculate the remainder when 102408 is divided by 77.
75
Calculate the remainder when 1019 is divided by 16.
11
Calculate the remainder when 104 is divided by 14.
6
What is the remainder when 1156 is divided by 1139?
17
Calculate the remainder when 234 is divided by 57.
6
What is the remainder when 11996 is divided by 120?
116
What is the remainder when 9008 is divided by 21?
20
Calculate the remainder when 55 is divided by 10.
5
Calculate the remainder when 526 is divided by 33.
31
What is the remainder when 5458 is divided by 127?
124
Calculate the remainder when 3159 is divided by 1049.
12
What is the remainder when 138 is divided by 46?
0
What is the remainder when 908 is divided by 887?
21
What is the remainder when 220 is divided by 17?
16
Calculate the remainder when 934 is divided by 172.
74
What is the remainder when 8060 is divided by 7?
3
Calculate the remainder when 7799 is divided by 39.
38
Calculate the remainder when 1648 is divided by 66.
64
What is the remainder when 753 is divided by 36?
33
What is the remainder when 596 is divided by 100?
96
Calculate the remainder when 392 is divided by 162.
68
Calculate the remainder when 629 is divided by 158.
155
What is the remainder when 166 is divided by 57?
52
Calculate the remainder when 82 is divided by 37.
8
What is the remainder when 758 is divided by 94?
6
What is the remainder when 1483 is divided by 14?
13
Calculate the remainder when 1784 is divided by 355.
9
What is the remainder when 50 is divided by 1?
0
What is the remainder when 52 is divided by 28?
24
Calculate the remainder when 1037 is divided by 211.
193
What is the remainder when 1633 is divided by 244?
169
What is the remainder when 389 is divided by 26?
25
What is the remainder when 1805 is divided by 302?
295
Calculate the remainder when 3187 is divided by 15.
7
What is the remainder when 70 is divided by 18?
16
Calculate the remainder when 41234 is divided by 7.
4
Calculate the remainder when 4023 is divided by 33.
30
What is the remainder when 358 is divided by 12?
10
Calculate the remainder when 5237 is divided by 29.
17
Calculate the remainder when 440 is divided by 3.
2
Calculate the remainder when 30 is divided by 16.
14
Calculate the remainder when 3914 is divided by 1951.
12
What is the remainder when 803 is divided by 16?
3
Calculate the remainder when 197 is divided by 173